lse
Is 475141 composite?
False
Is 116057 composite?
True
Is 15227 a prime number?
True
Is 253 a composite number?
True
Is 17881 prime?
True
Is 472457 composite?
False
Is 105167 a composite number?
False
Is 266477 a prime number?
True
Is 3224261 prime?
True
Is 5277527 a prime number?
True
Is 149231 a prime number?
False
Is 142959 a prime number?
False
Is 515023 composite?
True
Is 8363 composite?
False
Is 137318 composite?
True
Is 8819 a composite number?
False
Is 40693 a composite number?
False
Is 50891 a prime number?
True
Is 52831 prime?
False
Is 21979 a prime number?
False
Is 1949 composite?
False
Is 51859 composite?
False
Is 155269 a prime number?
True
Is 2021545 prime?
False
Is 58309 a composite number?
False
Is 17881 prime?
True
Is 10709 composite?
False
Is 6421 prime?
True
Is 11369 a prime number?
True
Is 14519 a prime number?
True
Is 156329 prime?
True
Is 24733 a composite number?
False
Is 26083 a prime number?
True
Is 263923 a prime number?
False
Is 113437 a composite number?
False
Is 147398 a composite number?
True
Is 515707 composite?
True
Is 1483061 composite?
False
Is 1709 a composite number?
False
Is 1931 prime?
True
Is 20741 composite?
True
Is 2743 prime?
False
Is 8039 a prime number?
True
Is 129341 a prime number?
True
Is 73237 a composite number?
False
Is 106 composite?
True
Is 19711 composite?
True
Is 703127 a prime number?
True
Is 6499 prime?
False
Is 3556991 composite?
False
Is 83833 a prime number?
True
Is 5669 prime?
True
Is 127271 composite?
False
Is 75011 a composite number?
False
Is 3745091 a prime number?
False
Is 109547 composite?
False
Is 88573 prime?
False
Is 142357 a prime number?
True
Is 6007 composite?
False
Is 26309 prime?
True
Is 107431 a prime number?
False
Is 725039 a prime number?
False
Is 74561 prime?
True
Is 6761 a prime number?
True
Is 47015 a prime number?
False
Is 1239482 a composite number?
True
Is 3763 a composite number?
True
Is 23803 prime?
False
Is 8927 composite?
True
Is 192091 a prime number?
True
Is 29247 prime?
False
Is 100259 prime?
False
Is 3089 a prime number?
True
Is 56755 a prime number?
False
Is 5099 a composite number?
False
Is 54669 composite?
True
Is 89909 a prime number?
True
Is 2153 a composite number?
False
Is 195727 composite?
True
Is 65999 a prime number?
False
Is 138139 prime?
True
Is 1217771 a prime number?
True
Is 123181 composite?
True
Is 1669 a prime number?
True
Is 2609 composite?
False
Is 81611 a composite number?
False
Is 2978 a prime number?
False
Is 1832657 a composite number?
False
Is 334931 composite?
False
Is 29789 prime?
True
Is 1178251 composite?
True
Is 23245 composite?
True
Is 28277 prime?
True
Is 85213 a prime number?
True
Is 2864251 a prime number?
False
Is 1102691 a prime number?
True
Is 22679 a prime number?
True
Is 93827 a prime number?
True
Is 27502 composite?
True
Is 111983 a composite number?
True
Is 86974 a prime number?
False
Is 107021 a prime number?
True
Is 24151 prime?
True
Is 3959 composite?
True
Is 3659 composite?
False
Is 74489 prime?
True
Is 680135 composite?
True
Is 277469 a composite number?
True
Is 91423 prime?
True
Is 35863 prime?
True
Is 12941 prime?
True
Is 55567 a composite number?
True
Is 8161 a prime number?
True
Is 9901 a composite number?
False
Is 4417 a prime number?
False
Is 24595 a composite number?
True
Is 46369 composite?
True
Is 19117 prime?
False
Is 1397 prime?
False
Is 43141 a prime number?
False
Is 3331 a composite number?
False
Is 15095 a composite number?
True
Is 3613 prime?
True
Is 109217 a prime number?
False
Is 353047 a composite number?
False
Is 417479 prime?
True
Is 450193 composite?
False
Is 3635 composite?
True
Is 191 composite?
False
Is 53569 prime?
True
Is 9229 prime?
False
Is 273503 a composite number?
False
Is 24559 a composite number?
True
Is 333313 a prime number?
False
Is 3127 a composite number?
True
Is 17653 composite?
True
Is 322417 composite?
False
Is 1681787 a composite number?
False
Is 20921 a prime number?
True
Is 448451 a composite number?
False
Is 241287 composite?
True
Is 1893 a composite number?
True
Is 4691 prime?
True
Is 187823 prime?
True
Is 63103 composite?
False
Is 195193 prime?
True
Is 497461 composite?
False
Is 9407 a composite number?
True
Is 3233 prime?
False
Is 314605 prime?
False
Is 170915 composite?
True
Is 218579 prime?
True
Is 77641 composite?
False
Is 183863 composite?
True
Is 160595 a composite number?
True
Is 101863 composite?
False
Is 55763 a composite number?
False
Is 425939 a composite number?
False
Is 99733 prime?
True
Is 515819 composite?
True
Is 47249 a prime number?
False
Is 94201 prime?
True
Is 14429 composite?
True
Is 421891 a composite number?
False
Is 141371 composite?
False
Is 1709 a prime number?
True
Is 2633 composite?
False
Is 560207 prime?
True
Is 99469 a composite number?
False
Is 1060039 composite?
False
Is 76073 composite?
True
Is 12889 prime?
True
Is 2411 prime?
True
Is 78569 prime?
True
Is 167507 a prime number?
False
Is 42737 a prime number?
True
Is 86161 prime?
True
Is 79967 composite?
False
Is 24317 composite?
False
Is 123161 a prime number?
False
Is 2042749 prime?
True
Is 109439 composite?
True
Is 4424489 prime?
True
Is 133361 a prime number?
False
Is 288109 a prime number?
True
Is 229487 prime?
True
Is 3761 a prime number?
True
Is 3817 composite?
True
Is 756869 prime?
True
Is 2845093 prime?
False
Is 575521 a prime number?
False
Is 20459 a prime number?
False
Is 11291 a composite number?
True
Is 46967 a prime number?
False
Is 436801 a prime number?
True
Is 3407 composite?
False
Is 83177 prime?
True
Is 242243 a composite number?
False
Is 340541 a prime number?
True
Is 129527 a prime number?
True
Is 6353 a prime number?
True
Is 789 a prime number?
False
Is 122347 a prime number?
True
Is 38615 a prime number?
False
Is 6167 prime?
False
Is 1741 a prime number?
True
Is 2249 a prime number?
False
Is 71009 prime?
False
Is 14087 prime?
True
Is 62819 prime?
True
Is 170227 prime?
True
Is 3386 composite?
True
Is 160847 a prime number?
False
Is 68183 a prime number?
False
Is 5269 composite?
True
Is 108917 composite?
False
Is 9862 a prime number?
False
Is 44261 a composite number?
True
Is 755 a composite number?
True
Is 895145 a composite number?
True
Is 2786563 prime?
False
Is 57179 a prime number?
True
Is 11027 prime?
True
Is 10729 a prime number?
True
Is 5879 composite?
False
Is 18841 prime?
False
Is 20477 a prime number?
True
Is 10181 a composite number?
False
Is 89083 prime?
True
Is 2334877 composite?
True
Is 2231 composite?
True
Is 43223 composite?
False
Is 16447 composite?
False
Is 731629 composite?
True
Is 44909 a prime number?
True
Is 5585 a prime number?
False
Is 1679 prime?
False
Is 143251 prime?
False
Is 177739 a composite number?
False
Is 50329 a composite number?
False
Is 9155 a composite number?
True
Is 569566 a prime number?
False
Is 5069 composite?
True
Is 75742 composite?
True
Is 125413 a prime number?
False
Is 69878 composite?
True
Is 41011 a composite number?
False
Is 1771701 composite?
True
Is 101509 a composite number?
True
Is 99689 prime?
True
Is 4493 composite?
False
Is 1805641 a prime number?
True
Is 1388587 a composite number?
False
Is 21433 a composite number?
False
Is 80029 prime?
False
Is 172847 composite?
True
Is 176591 composite?
False
Is 9239 a prime number?
True
Is 673 prime?
True
Is 422753 composite?
False
Is 1371 a composite number?
True
Is 10993 composite?
False
Is 12011 a composite number?
False
Is 68351 composite?
False
Is 1186681 prime?
False
Is 123001 a composite number?
False
Is 441499 composite?
False
Is 259051 composite?
True
Is 7349 a composite number?
False
Is 751 prime?
True
Is 69539 a composite number?
False
Is 1317653 composite?
True
Is 1481627 composite?
True
Is 305867 a composite number?
False
Is 8467 prime?
True
Is 164473 a prime number?
False
Is 17957 a prime number?
True
Is 714751 a composite number?
False
Is 3329609 a prime number?
True
Is 127283 composite?
True
Is 588871 a composite number?
False
Is 16621 a prime number?
False
Is 22229 a prime number?
True
Is 16999 a composite number?
True
Is 46967 a composite number?
True
Is 86446 prime?
False
Is 117643 a prime number?
True
Is 2007389 prime?
True
Is 1625221 composite?
True
Is 943707 composite?
True
Is 32987 a composite number?
False
Is 19289 prime?
True
Is 67997 